- 8. Determine h(k).
12
Let v(z) = z**2 + 7*z. Let s be 0 - 4 - 1*4/2. Let o be v(s). Let p(n) = 4 + 4*n**3 - 4*n + n**3 - 4*n**3 + 5*n**2. Calculate p(o).
-8
Let j(t) be the third derivative of -t**6/120 - 2*t**5/15 - t**4/3 - 5*t**3/3 + 15*t**2. Determine j(-7).
-3
Let x(p) = -p**3 - 9*p**2 - 11*p + 15. Suppose -246*y + 249*y + 21 = 0. Determine x(y).
-6
Let c(o) be the third derivative of -o**7/840 - o**6/30 - 11*o**5/120 + 5*o**4/24 - 7*o**3/6 - 6*o**2. Let z(a) be the first derivative of c(a). Give z(-11).
5
Let w(b) be the third derivative of 0 - 1/3*b**3 - 1/12*b**4 - 1/60*b**5 + 0*b + 18*b**2. Determine w(-3).
-5
Let l(t) be the second derivative of t**3/2 + t**2 - 5*t. Suppose 0 = -u + 1 + 9. Let a be (-2 - u)*1/3. Give l(a).
-10
Let r = -9/28 + 139/84. Let p(u) be the first derivative of -2 - r*u**3 - u + 1/2*u**2. What is p(1)?
-4
Let c(z) = z**2 - 6*z + 3. Let t be c(5). Let r(p) = 3 + 4 + 68*p - 5 - 67*p. What is r(t)?
0
Let k(z) be the second derivative of 0 + 0*z**2 - 4*z + 0*z**5 + 11/24*z**4 - 1/6*z**3 - 1/360*z**6. Let y(f) be the second derivative of k(f). Give y(0).
11
Let q(z) = 4*z + 4. Let o be 84/(-72)*-6 + 5. Determine q(o).
52
Let h(i) = -54*i**2 + 53*i**2 + 3*i - 5*i - 3*i**3 - 1. Let q(k) be the first derivative of k**2/2 - 9*k - 2. Let b be q(8). What is h(b)?
3
Let z be 3/6 + (-14)/(-4). Suppose z*v = 5 + 7. Let g(m) = 2*m + 27 - 6 - 17. Determine g(v).
10
Let h(p) = -2*p**2 - 6*p - 4. Suppose 2*c - 4*v + 22 = 0, -2*v + 7*v + 109 = -4*c. Let q = -25 - c. Determine h(q).
-12
Let f(w) = 8 + 8*w - 3*w - w - w - 2*w. Determine f(-11).
-3
Suppose -4*d - 12 = 4*p - 6*d, -2*p + 4*d - 18 = 0. Let l be 6 - (3 + 0 + p). Let x(h) = -h**3 + 4*h**2 + 4*h + 2. Give x(l).
18
Let y(l) be the first derivative of l**2/2 + 7*l - 91. Calculate y(-12).
-5
Suppose 0*x - 4*x = -28. Let w(j) = 4 + j + j**2 + x - 1. Suppose 5*u + 0*u = 2*u. Determine w(u).
10
Suppose r - 4*p = 7 - 3, -3*p + 19 = 2*r. Let y(o) = -o**3 + 7*o**2 + 4*o + 3. What is y(r)?
-29
Let g(c) be the first derivative of 2*c - 2*c**2 - c + 15 - 8. Give g(-3).
13
Suppose -212 = 67*d + 257. Let f(t) = t + 2. What is f(d)?
-5
Let u(l) = 25*l**3 + 7*l**2. Let j(o) be the second derivative of -6*o**5/5 - o**4/2 + 6*o + 2. Let k(z) = 6*j(z) + 5*u(z). Calculate k(1).
-20
Let r be (-18 + (-1386)/(-70))*10/3. Let w(n) be the third derivative of 1/120*n**r - 7/60*n**5 + 0*n - 8*n**2 + 1/6*n**3 + 0 + 1/4*n**4. Give w(6).
1
Suppose 16 = 4*m, 6*m + 88 = -5*i + 3*m. Let l(o) = o + 19. Calculate l(i).
-1
Let o(d) = -d**2 - 2650*d + 9 + 2652*d - 3. Calculate o(-4).
-18
Suppose 60 = -114*x + 119*x. Let p(r) = -r**2 + 11*r + 7. Determine p(x).
-5
Let k(t) be the second derivative of t**4/12 + t**3/6 - 2*t**2 + 12*t. Let j(o) = -o**3 + 4*o**2 - 3. Let d be j(3). Suppose d = x + x. Determine k(x).
8
Suppose -12 + 14 = w. Let c(s) = -7*s**2 - 7*s. Let n(m) = 3*m**2 + 4*m. Let d(h) = w*c(h) + 5*n(h). Determine d(-6).
0
Let a(t) = -49*t**2 - 35 - 5*t + 40 + 48*t**2. What is a(-6)?
-1
Let x(o) = -o**2 - 3*o - 2. Suppose 38*v + 103 = -49. What is x(v)?
-6
Let g(c) = 5*c**2 + 3*c. Suppose -10 = -7*a + 12*a. Let x be g(a). Let w = -10 + x. Let v(u) = -u**2 + 5*u - 4. Determine v(w).
0
Let d be ((-9)/(-18))/((-2)/(-8)). Let g(t) = -13*t**2 + 3*t - 1. Calculate g(d).
-47
Suppose 1 = b - 4. Let y(g) = -2 - 3 + 3 + b*g - g. Let f(s) = -s**3 + 7*s**2 + 3*s - 17. Let p be f(7). Give y(p).
14
Let q(i) = 321*i**3 + 0 + 3*i + 6*i**2 + 0 + 0*i**2 - 320*i**3. Suppose -6*d - 10 = -d. What is q(d)?
10
Let q(y) be the third derivative of -y**5/60 - y**4/3 - 11*y**3/6 + 15*y**2 + 12*y. Calculate q(-4).
5
Suppose 5*b - 24 = l, 0 = -5*l - 0*b + 2*b - 120. Let w = -30 - l. Let z(g) = 2*g + 5. Determine z(w).
-7
Let h(l) = l. Let j(m) = -5*m - 2. Let y(p) = -9*h(p) - 2*j(p). Determine y(4).
8
Let o(u) = -u**3 + 10*u**2 + 10*u + 6. Suppose 4*v - 134 = -90. Give o(v).
-5
Let l(p) = p**3 - p + 2. Let a(o) = -5*o**3 + 14*o**2 - 9*o - 15. Let z(s) = a(s) + 6*l(s). Calculate z(-15).
-3
Suppose g + 4 = 0, -5*x - 8*g = -12*g - 46. Let j(q) = q**2 - 6*q + 3. What is j(x)?
3
Let g(z) = -z**3 - z**2 + z - 2. Let r be ((-4)/10)/((-7)/(-35)). Let v be (1/r)/((-4)/(-16)). What is g(v)?
0
Let a(u) be the second derivative of -u**5/20 + 7*u**4/12 + u**3/6 - 5*u**2/2 - 7*u - 14. Calculate a(7).
2
Let b(k) = -k**2 + 1. Let f(v) = v**3 - 6*v**2 - 7*v - 4. Let l be f(7). Let n(c) = -3*c**2 - 5. Let s(o) = l*b(o) + n(o). Give s(0).
-9
Let d(h) be the third derivative of 0*h + 0 + 1/8*h**4 + 1/6*h**3 + 2*h**2. Suppose 11*i = 15*i - 4. What is d(i)?
4
Suppose -3 = q, -3*q + 2*q + 42 = 5*y. Let n(i) = 3*i + 3 + 1 + 6 - y. Give n(-3).
-8
Let u(h) = 18*h**2 + h + 1. Let v(g) = g**3 + 13*g**2 + 30*g - 1. Let j be v(-3). What is u(j)?
18
Let s(x) = -x**2 + 7*x - 6. Let g be s(6). Let a(z) = z - 1. Let u be a(g). Let c(n) be the second derivative of -n**3/2 + n**2/2 - 8*n. Calculate c(u).
4
Let b(q) = -q - 3. Suppose 32*d = -42 + 42. Determine b(d).
-3
Let k(n) be the third derivative of -n**5/30 - 7*n**4/24 - n**3 + 13*n**2 + 2*n. Suppose -3*u + 15 = -3*f, 4*u - f - 23 = -0*u. Let l = 2 - u. Give k(l).
-10
Suppose -4*q + 5*u = 55, u + 43 = -4*q + 2*u. Let t(p) be the second derivative of -p**3/6 - 5*p**2 + 191*p. Give t(q).
0
Suppose -7 = -6*f + 3*f - 5*m, 2*f + 17 = m. Let o(i) = 0 + 6 + i**3 + 5*i**2 + 3 - 2 - 3*i. What is o(f)?
-11
Let o = -653/2 + 327. Let t(y) be the first derivative of -3*y + 7 + 1/4*y**4 - 2*y**3 + o*y**2. Give t(6).
3
Let b(m) = 3*m + 49. Let j(c) = -3*c**2 + 90*c - 101. Let p be j(29). What is b(p)?
7
Let b = -1594 - -1590. Let z(d) = -d**3 - d**2 + 4*d - 2. Give z(b).
30
Suppose 4*s + 3*r = 6, -9 = -s + 5*r + 4. Suppose -3*x - s = 3*h - x, -5*x = 15. Let w(n) = 2*n**2 + n - 1. Calculate w(h).
2
Let j(n) = -3*n - 1. Suppose -3*v - 113*i = -117*i + 17, 15 = 3*i. Determine j(v).
-4
Let a(b) = b - 1. Let n be -1*1*(-2)/((-40)/(-100)). Calculate a(n).
4
Let z be (-1 - -2)/(6/(-36)). Let t be (-1)/((1/z)/(4/6)). Let y(x) = x**2 - 4*x - 2. Determine y(t).
-2
Suppose g = -1 + 5. Let r(i) = -i**3 + 5*i**2 - 4*i + 2. Determine r(g).
2
Let s(l) = l + 54. Let k be s(-66). Let p(i) = -i**2 - 14*i - 18. Give p(k).
6
Let w(u) = 4*u - 1. Let h(n) = 5*n. Let c be (-1)/((-3)/(-24)) + (-4)/(-2). Let k(d) = c*w(d) + 4*h(d). Give k(5).
-14
Let a(l) be the second derivative of l**3/6 + 9*l**2/2 + 14*l. Let g be -4*(-4)/(-12)*3. What is a(g)?
5
Let f(k) = -2*k**2 - 21*k - 8. Let x be f(-10). Suppose 3*a - 6*g = -x*g + 29, -5*g - 10 = 5*a. Let i(j) = -j + 1. What is i(a)?
-2
Let s(c) be the third derivative of -1/3*c**3 + 1/20*c**5 - 8*c**2 - 1/8*c**4 + 0 + 0*c. Let a = 5 + -2. Determine s(a).
16
Let n(u) = -u**2 + 7*u - 10. Let q(t) = -2*t**3 - 10*t**2 + 3*t + 19. Let g be q(-5). Calculate n(g).
2
Suppose 16*p - 12*p - 4 = 0. Let i(q) be the first derivative of 7*q**4/2 - q**2/2 + q + 2. What is i(p)?
14
Let y(q) be the second derivative of q**4/12 + 4*q**3/3 - 6*q**2 - 74*q. Give y(-9).
-3
Let s = -43 - -66. Suppose 27 = 2*d + s. Let x(u) = 7*u. Calculate x(d).
14
Let k(v) be the second derivative of -3*v**5/20 + 5*v. Let i be (1 + 1)/(2 + -4). Let m be k(i). Let u(t) = 2*t**2 - 4*t + 2. Give u(m).
8
Let q(t) = 1. Let c(r) = -2*r + 3. Let u(f) = -c(f) + 6*q(f). Give u(-5).
-7
Let j(f) be the third derivative of f**6/120 - f**5/15 + f**4/8 + f**3/2 + 89*f**2 + 2. What is j(4)?
15
Let m(y) = -2*y**3 + 2*y**2 + 3*y - 1. Let d(o) = -o**3 - 2*o**2 + o + 1. Let h(l) = -3*d(l) + m(l). Let n be h(-8). Let k(s) = 4*s + 6. Calculate k(n).
-10
Let j(h) = 29*h - 5. Let f(i) = 15*i - 2. Let r(d) = -d + 6. Let m be r(9). Let s(x) = m*j(x) + 7*f(x). Determine s(1).
19
Let k(n) = 2*n**2 + n + 1. Let b(r) = -15*r**3 + 2*r**2 + 3*r. Let i(l) = -b(l) + k(l). What is i(1)?
14
Let z(i) = -3 + 0 + 5 + i**2 + 7 + 1 - 6*i. Give z(12).
82
Let x = -1463 + 1464. Let b(z) = -16*z + 6. What is b(x)?
-10
Suppose -3*t - 2*t - 2 = 3*p, 0 = -2*t - p - 1. Let n(h) be the first derivative of -5*h**3 - h**2 - h + 1. Determine n(t).
-14
Let z(v) = -5*v - 1. Let w(d) = -2*d**2 + 9*d - 2. Let r be 2/12 + (-414)/(-108). Let k be w(r). Give z(k).
-11
Let l be (3 - 30/9)*-9. Let z be -5 + 3 + -1*l. Let u(g) = -g - 3. Let m(j) = j + 1. Let o(h) = -2*m(h) - u(h). Give o(z).
6